{"id":14,"date":"2012-02-10T13:56:44","date_gmt":"2012-02-10T13:56:44","guid":{"rendered":"http:\/\/www.lejardindesthermes.net\/WordPress3\/?page_id=14"},"modified":"2023-09-12T08:02:32","modified_gmt":"2023-09-12T08:02:32","slug":"accueil","status":"publish","type":"page","link":"https:\/\/www.lejardindesthermes.net\/WordPress3\/","title":{"rendered":"Accueil"},"content":{"rendered":"<p>Le jardin des Thermes se situe dans le quartier Blandan entre le campus ARTEM et Nancy Thermal.<\/p>\n<p>Le Jardin des Thermes cache une terrasse insoup\u00e7onn\u00e9e\u00a0! En effet elle se cache \u00e0 l\u2019arri\u00e8re du restaurant ce qui lui conf\u00e8re du calme et un environnement verdoyant, \u00e0 l\u2019abri de la rue. Vous aurez l\u2019impression d\u2019\u00eatre chez vous\u00a0!<\/p>\n<p>Avec ses 25 couverts elle reste intimiste et permet de s\u2019\u00e9vader le temps d\u2019un repas.<\/p>\n<p style=\"text-align: center;\">\n<p>Il y a 30 ans l\u2019\u00e9tablissement s\u2019appelait Les Thermes tout simplement.<\/p>\n<p>Le propri\u00e9taire de l\u2019\u00e9poque y servait une cuisine traditionnelle et familiale. Fin des ann\u00e9es 90, deux jeunes gens ont tent\u00e9 d\u2019en faire un \u00ab\u00a0Gastro\u00a0\u00bb mais le concept n\u2019a pas convaincu.<\/p>\n<p>En 2001 Angel &amp; Lo\u00efc ont repris l\u2019\u00e9tablissement et l\u2019ont rebaptis\u00e9 le \u00ab\u00a0Jardin des Thermes\u00a0\u00bb, persuad\u00e9s que la terrasse serait un point fort\u00a0!<\/p>\n<p>Question cuisine, retour aux sources\u00a0!une cuisine traditionnelle et familiale refait son apparition\u00a0! La Famille est un ma\u00eetre mot ici. Les inspirations pour la cuisine viennent des grand m\u00e8res des propri\u00e9taires.<\/p>\n<p>Le jeune couple reprend le restaurant \u00e0 21 et 22 ans, deux enfants verront le jour dans les murs du restaurant. Encore une histoire de famille.<\/p>\n","protected":false},"excerpt":{"rendered":"<p>Le jardin des Thermes se situe dans le quartier Blandan entre le campus ARTEM et Nancy Thermal. Le Jardin des Thermes cache une terrasse insoup\u00e7onn\u00e9e\u00a0! En effet elle se cache \u00e0 l\u2019arri\u00e8re du restaurant ce qui lui conf\u00e8re du calme et un environnement verdoyant, \u00e0 l\u2019abri de la rue. Vous aurez l\u2019impression d\u2019\u00eatre chez vous\u00a0! [&hellip;]<\/p>\n","protected":false},"author":1,"featured_media":0,"parent":0,"menu_order":0,"comment_status":"closed","ping_status":"closed","template":"","meta":[],"_links":{"self":[{"href":"https:\/\/www.lejardindesthermes.net\/WordPress3\/index.php?rest_route=\/wp\/v2\/pages\/14"}],"collection":[{"href":"https:\/\/www.lejardindesthermes.net\/WordPress3\/index.php?rest_route=\/wp\/v2\/pages"}],"about":[{"href":"https:\/\/www.lejardindesthermes.net\/WordPress3\/index.php?rest_route=\/wp\/v2\/types\/page"}],"author":[{"embeddable":true,"href":"https:\/\/www.lejardindesthermes.net\/WordPress3\/index.php?rest_route=\/wp\/v2\/users\/1"}],"replies":[{"embeddable":true,"href":"https:\/\/www.lejardindesthermes.net\/WordPress3\/index.php?rest_route=%2Fwp%2Fv2%2Fcomments&post=14"}],"version-history":[{"count":30,"href":"https:\/\/www.lejardindesthermes.net\/WordPress3\/index.php?rest_route=\/wp\/v2\/pages\/14\/revisions"}],"predecessor-version":[{"id":337,"href":"https:\/\/www.lejardindesthermes.net\/WordPress3\/index.php?rest_route=\/wp\/v2\/pages\/14\/revisions\/337"}],"wp:attachment":[{"href":"https:\/\/www.lejardindesthermes.net\/WordPress3\/index.php?rest_route=%2Fwp%2Fv2%2Fmedia&parent=14"}],"curies":[{"name":"wp","href":"https:\/\/api.w.org\/{rel}","templated":true}]}}

<p>Le jardin des Thermes se situe dans le quartier Blandan entre le campus ARTEM et Nancy Thermal.</p>
<p>Le Jardin des Thermes cache une terrasse insoupçonnée ! En effet elle se cache à l’arrière du restaurant ce qui lui confère du calme et un environnement verdoyant, à l’abri de la rue. Vous aurez l’impression d’être chez vous !</p>
<p>Avec ses 25 couverts elle reste intimiste et permet de s’évader le temps d’un repas.</p>
<p style="text-align: center;">
<p>Il y a 30 ans l’établissement s’appelait Les Thermes tout simplement.</p>
<p>Le propriétaire de l’époque y servait une cuisine traditionnelle et familiale. Fin des années 90, deux jeunes gens ont tenté d’en faire un « Gastro » mais le concept n’a pas convaincu.</p>
<p>En 2001 Angel &amp; Loïc ont repris l’établissement et l’ont rebaptisé le « Jardin des Thermes », persuadés que la terrasse serait un point fort !</p>
<p>Question cuisine, retour aux sources !une cuisine traditionnelle et familiale refait son apparition ! La Famille est un maître mot ici. Les inspirations pour la cuisine viennent des grand mères des propriétaires.</p>
<p>Le jeune couple reprend le restaurant à 21 et 22 ans, deux enfants verront le jour dans les murs du restaurant. Encore une histoire de famille.</p>

<p>Le jardin des Thermes se situe dans le quartier Blandan entre le campus ARTEM et Nancy Thermal. Le Jardin des Thermes cache une terrasse insoupçonnée ! En effet elle se cache à l’arrière du restaurant ce qui lui confère du calme et un environnement verdoyant, à l’abri de la rue. Vous aurez l’impression d’être chez vous ! [&hellip;]</p>
